ctor of u and 20.
10
Let g(b) = -b**2. Let n be g(1). Let k be (12 - 1)*(n + 16). Calculate the greatest common divisor of k and 15.
15
Let c = -174 + 334. What is the highest common factor of c and 20?
20
Let c be (-8)/28 - (-100)/7. What is the highest common divisor of 126 and c?
14
Let w = -17 + 33. Suppose d = 2*d - w. Suppose -5*c = q - 29, -2 + 23 = 4*q + c. What is the highest common divisor of d and q?
4
Let m = 13 - 9. Let v = -2 + m. Calculate the highest common factor of v and 8.
2
Let p(v) = 4*v**2 - 4*v - 2. Let w be p(5). Calculate the highest common divisor of w and 26.
26
Suppose 26*u - 25*u = 1. Calculate the greatest common factor of 3 and u.
1
Let d(b) = -b**3 + b**2. Let y(x) = -x**3 - 4*x**2 + 5*x - 1. Let r(v) = 2*d(v) - y(v). Let s be r(4). What is the highest common divisor of 65 and s?
13
Let r be 2 + 3 + -1 - 5. Let z be r*4 + 15 + 4. Calculate the greatest common divisor of 120 and z.
15
Suppose 6 = -2*w - 2, 0 = -3*y - 4*w + 32. Calculate the greatest common divisor of 2 and y.
2
Suppose 0 = -4*y, -2*y - 30 = 3*f + y. Let o(a) = -a + 6. Let t be o(f). Let s be (2/4)/(2/256). Calculate the highest common divisor of s and t.
16
Suppose 3*d = 3*t + 21, 4*t + 4*d + 3 = -41. Suppose -10 - 11 = h. Let o = t - h. What is the greatest common factor of 6 and o?
6
Let r be 2120/12 + -1 - 3/(-9). What is the greatest common divisor of 22 and r?
22
Let y(h) = -4*h - 4. Let o(n) = 3*n + 4. Let r(d) = 6*o(d) + 5*y(d). Let b be r(-6). What is the highest common divisor of 4 and b?
4
Let v(q) = -q**3 + 4*q**2 + 5*q + 5. Let s be v(5). Suppose -n - 3 = z, n = s*z - 3 - 6. What is the greatest common factor of 9 and z?
1
Suppose -3*j = 3*r - 5*r - 154, j = -5*r + 40. Suppose -4*y = -0*y + 2*z - 190, -y = -2*z - j. What is the highest common factor of 6 and y?
6
Suppose 0 = -6*i + 3*i + 48. Let k = i - 6. What is the greatest common divisor of k and 25?
5
Let c = 9 + -6. Suppose c*a = 6*a. Suppose 2*h + 4*z - 2 = 0, 3*h - 4*z + 8*z - 3 = a. What is the highest common factor of 3 and h?
1
Let q = 10 + -11. Let n be 16 + (q - 0) - 2. Calculate the greatest common factor of 91 and n.
13
Let d be (-5 + 2)*1*-1. Suppose d*a - 2*a = 7. Calculate the greatest common divisor of 14 and a.
7
Suppose 5*q - 3*q - 4 = 0. Suppose -2*m - q*m + 44 = 0. Calculate the highest common divisor of 88 and m.
11
Let d(b) = b**2 + b + 6. Let y be d(-3). Calculate the greatest common divisor of y and 108.
12
Let r be ((-14)/(-1))/(7 + -5). Let s be 60/5*19/(-3). Let a = -48 - s. Calculate the greatest common divisor of a and r.
7
Let r(d) = 6*d - 1. Let a be r(5). Suppose 5*f = 2*q - 68, 5*f + 11 - 117 = -4*q. Calculate the greatest common divisor of a and q.
29
Let c(j) = -11*j - 5*j**3 - 3*j**2 + 13*j + j**2. Let d be c(-2). What is the highest common divisor of 70 and d?
14
Let u = 31 - 7. Suppose -f = -2, -2*f - u = -2*n - 3*f. Calculate the greatest common divisor of n and 22.
11
Suppose 2*m - 5*l = 63, 8*m = 5*m + 3*l + 72. Let s = 33 + m. What is the greatest common divisor of s and 13?
13
Let f(m) = 2*m - 5. Let l(c) = -9*c + 11. Let g be l(9). Let a be -2*(g/(-4))/(-5). Let o be f(a). Calculate the greatest common divisor of 72 and o.
9
Let t(y) be the first derivative of y**2/2 + 7*y + 3. Let i be t(-6). Calculate the highest common factor of i and 9.
1
Let k be 48*2 + -2 - -2. What is the greatest common divisor of k and 24?
24
Suppose -198 = -3*v - 84. Let a = -27 + v. Calculate the highest common factor of a and 22.
11
Suppose 0*o + 4*a = 2*o + 6, 0 = 2*a - 6. Suppose z = -5*y + 702, 4*z = -o*y - 2*y + 708. Calculate the greatest common divisor of 20 and y.
20
Suppose -8*y + y = -98. Calculate the greatest common divisor of 2 and y.
2
Suppose 66 = 5*z - 2*z. What is the greatest common factor of z and 55?
11
Suppose -2*a - 18 = -4*a. Suppose f - 7 = a. Calculate the highest common factor of f and 4.
4
Let b(r) = -2*r**3 - r**2 - r. Let l be b(-1). Suppose -5*i + 464 - 145 = -4*a, 3*a = l*i - 129. What is the greatest common divisor of 9 and i?
9
Suppose -3*u + 105 = 2*u. Suppose 2*w - 2*h = 2, 0*w - 3*h + u = w. What is the highest common factor of 15 and w?
3
Let a = 35 + -29. Let y be (-29 + 4 + -2)*-1. Suppose -2*z - 9 = -y. What is the highest common factor of z and a?
3
Let c(i) = 16*i - 2. Let h be c(1). What is the greatest common factor of 42 and h?
14
Let o be (10/(-4)*-2)/1. Suppose -45 = r - 5*r - o*z, 0 = -5*r + 5*z. Suppose r*a = 3*a + 26. Calculate the highest common divisor of 65 and a.
13
Let k(c) = 8*c + 3. Let i be k(3). What is the greatest common divisor of i and 36?
9
Suppose 44 = 8*r + 3*r. What is the greatest common factor of r and 48?
4
Suppose -16*z - 2760 = -26*z. What is the greatest common factor of z and 46?
46
Let r = -6 + 22. Calculate the greatest common divisor of r and 16.
16
Suppose 5*x - 23 - 2 = 0. Suppose x = -r - 0*r + d, 2*r - 5*d + 7 = 0. Let i be (-9)/6*16/r. What is the greatest common factor of 4 and i?
4
Let p(u) = -u**3 + 9*u**2 + 11*u - 15. Let b be p(9). Calculate the highest common factor of b and 12.
12
Let l be (-4 - -1) + 4 + -1. Let g be -1 - -18 - (l + -1). Calculate the greatest common factor of g and 12.
6
Let f = 15 + -6. Let t(g) = g + 2*g**2 + 3 + 9*g - 3*g**2. Let w be t(f). What is the greatest common factor of 12 and w?
12
Suppose b = 2*r + 3, -5*b + 3 = 2*r - 12. Suppose 4*t = -r*t + 36. Suppose -2*x = x - 297. What is the greatest common factor of x and t?
9
Let r be (-2)/9 + (-984)/(-54). Calculate the greatest common divisor of r and 54.
18
Let c = -12 + 21. Suppose -2*n = -33 + c. Let z(p) = p**3 + 18*p**2 + 17*p + 6. Let i be z(-17). What is the greatest common factor of i and n?
6
Let c = -4 - -5. Let a be (-1 + 2 + -1)/c. Suppose -y + 40 = -a*y. Calculate the greatest common divisor of y and 8.
8
Let k(v) = 2*v**2 + 4*v - 1. Let m be k(-5). Let x = m + -20. Calculate the greatest common factor of 36 and x.
9
Let p be (-1)/2 + 9/2. Suppose 4*q + 3*u = 63, -5*u + 61 = 4*q - 4*u. Suppose -p*g + g = -q. Calculate the greatest common divisor of g and 45.
5
Suppose 0 = 3*r - 3*i - 90, 4*r = r - i + 106. Let q = -57 - -142. Calculate the highest common divisor of r and q.
17
Let x(i) = -i**3 + 3*i + 3. Let h be x(-2). Suppose 0 = 6*w - 2*w. Let q = 15 - w. What is the highest common divisor of h and q?
5
Let s(v) = -2*v**3 - 9*v**2 - 5*v. Let i be s(-4). What is the highest common divisor of 60 and i?
4
Let p be ((-3)/(-1))/(10/90). Suppose 3*r - p = 3*a, 0 = -3*a + 5 - 2. What is the highest common divisor of 30 and r?
10
Suppose -p + 3*z = -7, 4*z = -3*p - z + 35. Let y be 14/63 - 32/(-18). Calculate the highest common factor of y and p.
2
Suppose 2*l = -z + 1, 2*l = 5*z + 4*l + 3. Let y be (z/(-2))/(4/608). Let t(k) = k**2 + 2*k + 4. Let m be t(3). Calculate the highest common factor of y and m.
19
Let d be 4/4 + -1 + 0. Suppose d = 2*h + 2*h. Suppose h = -0*u - 4*u + 60. What is the highest common factor of 5 and u?
5
Let x(v) = -v - 2. Let i be x(-4). Let y be (-528)/(-18)*3/i. Calculate the greatest common factor of 22 and y.
22
Let b(z) = -z**2 + 4*z + 5. Let w be b(4). Let g = 5 + -4. Calculate the highest common factor of g and w.
1
Suppose -6*f + 60 = -3*f. Let g = -5 - -15. Calculate the greatest common divisor of g and f.
10
Suppose 53 = 5*m - 4*b, -b = m - 9 + 2. Calculate the highest common divisor of m and 72.
9
Let n(w) = -408*w**2 - 2*w + 1. Let d be n(1). Suppose -2*h - 756 = 2*h. Let p = h - d. Calculate the greatest common divisor of p and 20.
20
Suppose -14*l + 96 = -11*l. Calculate the greatest common divisor of 80 and l.
16
Let o be 3 + 0 + 0/1. Suppose -3*i + 5 = 2*k, i = -i - 2*k + 4. Let b = o - i. Calculate the greatest common factor of b and 14.
2
Let c(i) = 0*i + i**2 - 4*i + 2*i + 3. Let b be c(4). Let o = b + -4. What is the highest common factor of o and 14?
7
Let r = 2 - -2. Let b(g) = -7*g**3 + 2*g**2 + 2*g + 1. Let a be b(-1). What is the greatest common factor of r and a?
4
Let l be ((-1269)/3)/(-1) + 0. Suppose 0 = -3*k + 6 + l. Let x(z) = 12*z + 1. Let u be x(1). Calculate the greatest common divisor of u and k.
13
Let h(z) = z**3 + 7*z**2 - 3*z - 1. Let f be h(-7). What is the greatest common divisor of f and 160?
20
Let z = 32 - 24. Calcul